late the greatest common factor of 32904 and 216.
72
What is the greatest common divisor of 94215 and 21450?
165
Calculate the highest common factor of 328294 and 10.
2
What is the greatest common divisor of 1860 and 75420?
60
What is the greatest common divisor of 46 and 21482?
46
Calculate the greatest common divisor of 37729 and 1711.
29
Calculate the greatest common factor of 1293454 and 716.
358
Calculate the greatest common factor of 2623 and 129.
43
What is the highest common factor of 76700 and 533?
13
Calculate the highest common factor of 15015 and 275.
55
What is the greatest common divisor of 234 and 4393428?
78
What is the highest common factor of 533 and 10491?
13
Calculate the highest common divisor of 27 and 1000944.
27
Calculate the greatest common factor of 54 and 60786.
18
What is the highest common divisor of 13 and 707655?
13
Calculate the greatest common factor of 1307952 and 24.
24
What is the highest common divisor of 896 and 3824?
16
What is the greatest common factor of 18 and 57357?
9
What is the highest common factor of 442 and 8738?
34
What is the greatest common divisor of 1256 and 76302?
314
Calculate the greatest common factor of 460 and 521295.
115
What is the greatest common factor of 2279 and 636?
53
What is the highest common divisor of 10786 and 34?
2
What is the greatest common divisor of 4820 and 9660?
20
What is the highest common divisor of 623 and 35798?
7
What is the greatest common divisor of 25 and 116425?
25
Calculate the highest common divisor of 19521 and 9531.
27
Calculate the greatest common divisor of 4809 and 905466.
687
What is the highest common factor of 63 and 359982?
63
What is the highest common divisor of 565056 and 81?
81
Calculate the highest common divisor of 115 and 90045.
115
Calculate the greatest common divisor of 102 and 624121.
17
Calculate the highest common factor of 8480 and 268816.
848
Calculate the greatest common factor of 18 and 244395.
9
Calculate the greatest common divisor of 2831807 and 11.
11
What is the greatest common divisor of 144 and 13428?
36
Calculate the greatest common divisor of 1368 and 811566.
342
What is the greatest common factor of 58400 and 438?
146
Calculate the highest common divisor of 686 and 36148.
14
Calculate the highest common factor of 1242 and 842766.
138
Calculate the highest common divisor of 9843 and 714.
51
Calculate the highest common factor of 88 and 968638.
22
What is the highest common factor of 21736 and 20501?
247
What is the highest common factor of 123775 and 50?
25
Calculate the highest common divisor of 903 and 92579.
43
Calculate the greatest common divisor of 51 and 76840.
17
Calculate the highest common factor of 212 and 9487.
53
Calculate the greatest common factor of 53170 and 65.
65
Calculate the greatest common divisor of 2930 and 2556132.
586
Calculate the greatest common factor of 26278 and 77.
7
What is the greatest common divisor of 554445 and 74?
37
What is the greatest common divisor of 1577 and 13197?
83
What is the greatest common divisor of 4706923 and 533?
533
Calculate the greatest common factor of 1075 and 1204.
43
Calculate the highest common factor of 64332 and 90.
18
Calculate the highest common factor of 800 and 266080.
160
Calculate the highest common divisor of 1287 and 706849.
143
Calculate the highest common divisor of 230 and 2116.
46
What is the greatest common factor of 148 and 546157?
37
What is the greatest common divisor of 6 and 93957?
3
Calculate the greatest common factor of 24 and 19848.
24
What is the greatest common divisor of 170 and 191845?
85
What is the highest common divisor of 162 and 378513?
81
What is the greatest common factor of 9660 and 2280?
60
Calculate the greatest common factor of 29 and 9453420.
29
Calculate the greatest common divisor of 2076139 and 377.
377
What is the greatest common divisor of 1775 and 7881?
71
What is the highest common factor of 27 and 3408?
3
What is the greatest common divisor of 132158 and 507?
169
Calculate the highest common factor of 378784 and 76.
76
Calculate the highest common divisor of 13 and 300495.
13
What is the greatest common factor of 580 and 94482?
58
Calculate the greatest common divisor of 10945 and 9570.
55
Calculate the highest common divisor of 10 and 140264.
2
What is the highest common divisor of 737 and 21909?
67
What is the highest common divisor of 110222 and 70?
14
What is the highest common factor of 16132 and 1147?
37
What is the highest common factor of 4247139 and 507?
507
What is the greatest common factor of 148 and 259?
37
What is the greatest common divisor of 22340 and 20?
20
What is the highest common divisor of 44 and 1534544?
44
What is the greatest common divisor of 2134 and 6732?
22
Calculate the highest common divisor of 725 and 1131.
29
What is the greatest common factor of 34286 and 16058?
434
What is the highest common divisor of 24101 and 14?
7
Calculate the highest common factor of 36 and 195780.
12
Calculate the greatest common divisor of 101 and 47773.
101
What is the highest common divisor of 781 and 2596?
11
Calculate the highest common divisor of 12798 and 1620.
162
Calculate the highest common divisor of 107331 and 1653.
57
Calculate the greatest common factor of 950 and 57152.
38
Calculate the greatest common divisor of 326 and 1733668.
326
What is the highest common divisor of 768451 and 612?
17
What is the greatest common divisor of 107226 and 14?
14
What is the greatest common divisor of 105340 and 276?
92
Calculate the highest common divisor of 262289 and 1095.
73
Calculate the highest common divisor of 1250 and 1810.
10
What is the greatest common factor of 57 and 8189?
19
What is the greatest common divisor of 2119 and 27937?
13
What is the greatest common divisor of 680437 and 101?
101
What is the highest common divisor of 641263 and 5635?
1127
Calculate the highest common divisor of 13006 and 126.
14
Calculate the greatest common divisor of 25542 and 675.
27
Calculate the greatest common factor of 155 and 426715.
155
What is the highest common divisor of 4560 and 3481560?
2280
What is the greatest common factor of 1805 and 437?
19
What is the highest common divisor of 650377 and 364?
91
Calculate the greatest common divisor of 326 and 3408982.
326
Calculate the highest common divisor of 636568 and 376.
376
What is the highest common divisor of 10592 and 2592?
32
Calculate the greatest common divisor of 88 and 122254.
22
Calculate the greatest common factor of 28 and 215236.
28
Calculate the highest common divisor of 285503 and 73.
73
Calculate the highest common divisor of 7336 and 91831.
131
Calculate the greatest common factor of 1490294 and 2418.
806
What is the greatest common factor of 820 and 2640?
20
What is the greatest common factor of 11 and 55561?
11
What is the highest common divisor of 15930 and 14310?
270
What is the highest common divisor of 196 and 42?
14
What is the greatest common divisor of 12 and 305172?
12
Calculate the highest common divisor of 1728 and 48924.
108
What is the highest common divisor of 93600 and 260?
260
Calculate the greatest common divisor of 3115 and 146580.
35
What is the highest common factor of 52272 and 34?
2
Calculate the greatest common factor of 12623 and 130.
13
Calculate the greatest common factor of 77 and 13277.
11
Calculate the highest common factor of 589 and 14880.
31
Calculate the greatest common divisor of 21 and 231497.
7
Calculate the highest common divisor of 2270 and 6590.
10
Calculate the highest common divisor of 150 and 78402.
6
Calculate the highest common factor of 155 and 955.
5
Calculate the greatest common factor of 15 and 1400565.
15
What is the greatest common factor of 4842 and 1206?
18
Calculate the greatest common divisor of 1570835 and 518.
259
Calculate the greatest common divisor of 660 and 217920.
60
What is the greatest common factor of 217 and 7533?
31
What is the greatest common factor of 6368 and 8?
8
Calculate the greatest common factor of 1260 and 361480.
140
Calculate the greatest common factor of 2257 and 11433.
37
Calculate the highest common divisor of 1813 and 26677.
259
Calculate the greatest common factor of 348 and 2532918.
174
Calculate the greatest common factor of 470 and 13620.
10
Calcul